 number?
False
Is 178534/20 + (-372)/(-1240) prime?
False
Let i be (-1)/(4 + -3 + 6/(-5)). Suppose i*q - 10795 = -0*q. Is q a composite number?
True
Let w(q) be the second derivative of 23*q**3/6 - 15*q**2/2 - 5*q. Let s be w(-7). Is -1*(s + (-3)/(9/6)) composite?
True
Suppose 4 = l - f, -2*f + 6 = -3*l + 21. Suppose l*w + 0*w - 44611 = 0. Is w a prime number?
True
Suppose -3*i + 4 = -7*i. Let p be (-1)/i*(-1 + (3 - 0)). Suppose j + 2*j + 4*c - 1223 = 0, p*c = -3*j + 1231. Is j a prime number?
False
Suppose -211*s + 44*s + 15998492 = -5837927. Is s prime?
False
Is 21947 + 6 + 4 + -2 a prime number?
False
Let n = 674 + -256. Suppose 0*i + 2*i = 0. Suppose i = 9*x - 7*x - n. Is x a prime number?
False
Let y(a) = -13509*a - 4168. Is y(-5) composite?
False
Suppose 5*p + 2203723 = 4*i, -7*i + 5*p = -6*i - 550912. Is i composite?
False
Let m = 78 - 74. Suppose -m = c, -k + 4 = -5*c - 19. Suppose w - k*v + 6*v - 100 = 0, 5*v - 435 = -4*w. Is w a prime number?
False
Suppose 2*m + 5*f = 109934, 274881 = 7*m - 2*m + f. Is m composite?
True
Suppose -1253751 = -60*y + 6706989. Is y a composite number?
False
Is -22 + 101587542/231 + 1/11 composite?
True
Let z(s) = 15*s - 116. Let d be z(8). Is 0 + -1 + 1958 + d a composite number?
True
Let u(b) = 16*b + 130. Let i be u(-8). Suppose -3*m + 5*v = -1297, -3*m = i*m + 4*v - 2211. Is m a composite number?
False
Let w = 49940 + -34157. Is (5 - (3 + 3))/((-3)/w) a composite number?
False
Is (706278/(-18))/((-2)/6) composite?
True
Suppose 233*m - 18640735 = 11*m + 29886467. Is m a composite number?
False
Let s(q) = -4*q - 22. Let a be s(-6). Suppose 5*c = -3*m + a*c + 9915, m - 4*c = 3325. Suppose -2*v - 1652 = -2*o, 4*o = 7*v - 2*v + m. Is o prime?
True
Let o(g) = 2123*g + 35. Let p be o(5). Suppose 0 = 3*q - 32313 - p. Is q composite?
False
Let b = -23 + 30. Suppose 4*y + b*s - 15 = 2*s, 3*s = 3*y + 9. Suppose y = 6*z - 0*z - 7542. Is z prime?
False
Let k(n) = 2*n**3 - 11*n**2 + 12*n - 11. Let r(f) = 6*f + 5. Let o be r(7). Let b be o*(-3)/(-12) - (-4)/16. Is k(b) a prime number?
False
Let d(l) = 217*l + 5. Let t be d(8). Let f = -2136 + 1321. Let i = t + f. Is i a prime number?
False
Let k be (-1 - (-7)/5) + (-90856)/(-10). Suppose 0 = 50*d - 36*d - k. Is d a prime number?
False
Is (30/(-15))/(4/(-80174)) a composite number?
False
Suppose z - 1 = 3*h, -h - 31 = -3*z + 4. Suppose z*w = 14*w - 12. Let j(d) = 11*d**2 - 4*d - 29. Is j(w) a composite number?
True
Suppose -119431 - 316741 = -3*o - j, -5*j + 290777 = 2*o. Is o a composite number?
False
Let g = 13181 + -8104. Let s = 19320 - 11436. Let h = s - g. Is h composite?
True
Suppose -3*j = -5*k - 1008, -5*j + 499 = 2*k - 1150. Is j prime?
True
Let h(p) = 162345*p**3 + p - 3. Is h(1) prime?
True
Suppose -136534 - 51427 = -101*j. Is j a prime number?
True
Suppose 6*x + 124691 = 288264 + 155165. Is x a prime number?
False
Suppose 5*c = -5*o - 0*o - 10, 4*c + 8 = -5*o. Let s be 4 - (0 - c - 9). Suppose -4*a + 1013 = 3*t, -5*a + 14 = -s. Is t composite?
False
Is 199169/7 + (510/119)/15 a composite number?
True
Suppose -30*m - 1886476 = -66*m + 7993760. Is m a prime number?
True
Suppose -4*o = 6*c - 11*c + 1239931, 4*c + 5*o = 991994. Is c prime?
True
Suppose 0 = 5*i + 5*i - 68440. Let g = -4473 + i. Is g prime?
True
Suppose 19*c + 19022 = -0*c + 84249. Is c a composite number?
False
Let j be -2 - (3 - 1)*1. Let a = -2042 + 2046. Is 218*(a/12 + j/(-24)) a prime number?
True
Suppose 2*y + y - 10 = -5*s, y + 4*s = 8. Suppose y = 2*r - 4*r + 5026. Is r composite?
True
Let k(d) = -d**3 + 7*d**2 + 4 + 0 + 6*d + 14 + 0*d**2. Let r be k(8). Suppose -5*t + 2975 = i - 196, -r*t = 5*i - 1250. Is t composite?
True
Is (-6696)/40*(0 - 105) - 8 a prime number?
True
Let b = -81443 - -163600. Is b a composite number?
True
Let l(w) = -w**2 + 9*w + 9. Let t be l(9). Let d be 1*t*3/3. Is (-12)/d - 6004/(-12) composite?
False
Let m = -94 - -97. Suppose -3*l = -m*g + 3, 4*g - 8 = 2*l + l. Suppose 2022 = q + g*q. Is q a composite number?
False
Let z(r) = -15*r - 20*r + 171 + 37*r - 4. Is z(-14) prime?
True
Let j = 474 + -810. Let x be j/(-14)*1119/(-2). Is -1 + -1 - x/12 prime?
True
Let y = 1 - 12. Let n(a) = 7*a**2 - 7*a - 47. Is n(y) a prime number?
True
Let h be (-4 - -2) + (-22)/5*-5. Suppose -h*x = -248498 - 5522. Is x a prime number?
False
Let l = -77 + 82. Suppose l*f = 5, 12*q - 8*q + 4*f - 67488 = 0. Is q a prime number?
True
Suppose 0 = 3*x - 3*w + 396, -5*x + 0*w + 2*w = 645. Let t = x - -504. Is t a composite number?
True
Is 4/(-22) + (-26597646)/(-594) a composite number?
False
Let q = -2140 - -4891. Let a be (1 + -7)*2/(-4). Suppose 0 = 4*g + a*o - 3672, 3*g + 0*o + 3*o = q. Is g a composite number?
True
Let g be (0/50)/(1 - 0/2). Is ((-952)/20 - g)*(-5)/2 a prime number?
False
Let q be ((-24)/42)/(1/(-7)). Suppose 1063 = 5*f - i - 3*i, 0 = 3*f - q*i - 633. Is f a prime number?
False
Let c be (3*4/6)/(4/(-22)). Is c/(4763/(-2381) + (-14)/(-7)) a prime number?
False
Let m = -50586 - -77868. Suppose 28*c - m = 22*c. Is c a composite number?
False
Let c(k) = 7 - 128*k + 14 - 11 - 36 - 36. Is c(-20) composite?
True
Suppose 0 = -2*z + 5*u - 49, -3*u + 34 = -2*z - u. Is (-28273)/(-28) + z/16 a prime number?
True
Let o = 127602 + 323047. Is o a prime number?
True
Let r = -20893 - -54552. Is r a prime number?
False
Is ((-3)/(-6))/(80/3289760) composite?
True
Let p be 7/(168/(-10280))*-9. Let v = p - 2416. Is v a composite number?
False
Suppose 0 = 158*v - 150*v - 640056. Is v a prime number?
False
Let d(r) = 3*r**2 + 21*r + 43. Let h be d(-3). Let z(v) = 216*v - 21 + 16 + 36. Is z(h) composite?
False
Let z = -7 - -23. Suppose -3*x - z = 4*v, -4*v + 19 = -1. Is (x + 11)*(-1 - 4836) composite?
True
Let z(m) = 980*m**2 - 81*m + 467. Is z(6) prime?
False
Suppose 2*q - 2 = 0, 2*i + 2687*q = 2685*q + 443388. Is i prime?
False
Let n be 17/((-136)/32) + 3471. Suppose 0 = -4*l + 2*l + z + n, -4*l - 2*z = -6930. Is l a prime number?
True
Let n(y) = 6*y + 5. Let c be n(4). Let w = c + -27. Suppose w*k + 3*r - 5563 = 8*r, 2*k - 5584 = -2*r. Is k a composite number?
False
Let f be 8/(120/189) - 2/(-5). Suppose 10*v + 42 = f*v. Is ((-161)/v)/(2/(-148)) a composite number?
True
Let n be -5 - (7 + -14 + -1). Is -3*6218/n*6/(-12) a composite number?
False
Let b = -65 + 63. Let m be (-677*b/(-6))/((-3)/(-9)). Let t = m + 1414. Is t a prime number?
False
Suppose w = 3*n - 2116, 0 = n - 15*w + 17*w - 717. Let v = n + 136. Is v composite?
True
Let q = -8165 + 14614. Is q prime?
True
Let d = 186 + -105. Suppose 5*n - d = -1. Suppose 19*h - n*h = 2913. Is h prime?
True
Let h(j) = j**3 - 11*j**2 + 7*j - 15. Let m be h(11). Suppose 21*l - m = 19*l. Suppose l*w - 26*w = 4835. Is w a prime number?
True
Suppose -67*s + 70*s - 43206 = -5*i, 28809 = 2*s + 5*i. Is s a prime number?
False
Let t(h) = 480*h - 2. Let g be t(6). Suppose -9*z - 52 + g = 0. Is z a prime number?
False
Suppose 0 = 5*z - 2*p - 9350, 3756 = 3*z - z - 4*p. Suppose -b - 1868 = 2*i - 0*i, -z = 2*i - 3*b. Let v = i + 2557. Is v a prime number?
False
Suppose 46302 = -5*m + 130182 + 614955. Is m a prime number?
False
Suppose 0 = a + 4*w - 89205, -5*w = 3*a - w - 267623. Is a prime?
True
Suppose -5*n + 7 = b - 4, 2*b - 37 = 5*n. Suppose 0 = b*t + 73170 - 260002. Is t a prime number?
True
Let b be (45/10)/(12/32). Let p be (2 - 34/10)*-5. Suppose 5435 = -p*w + b*w. Is w composite?
False
Suppose 42 = 5*j - 4*g - 49, -4*j + 80 = 4*g. Suppose 17*i = j*i - 442. Is i a prime number?
False
Let v = -58 + 61. Suppose 5*a + 7 = -4*h + 18, -12 = -v*a + 3*h. Suppose -5*o + 1711 = -2*g, 2*g = -a*g - 15. Is o a prime number?
False
Let i(o) = -29428*o + 197. Is i(-5) a composite number?
True
Let f(o) = 408*o - 42. Let l(d) = -205*d + 20. Let c(g) = -4*f(g) - 7*l(g). Is c(-9) a composite number?
False
Suppose -14*s = 23*s - 20*s - 14853903. Is s a composite number?
True
Let r = 5893 - 2072. Is r prime?
True
Suppose 42*r - 124 = 11*r. Suppose -r*x + 62738 = -37674. Is x prime?
False
Let o(g) = 517*g - 25. Let y(i) = i + 2. Let h(r) = -o(r) - y(r). Is h(-3) prime?
False
Let b = 150 + -472. Let c = b + 169. Let z = -32 - c. Is z composite?
True
Is ((-502)/(-2))/((-20)/(-1340)) prime?
False
Suppose 8*k + 36 = 3*k - 3*s, -21 = 3*k + 2*s. Let m(y) = 112*y**2 - 8*